 be 4/((-32)/130) + h/(-8). What is the units digit of 262/6 - 4/(4 + k)?
4
Let h = 42 - 35. Let v be ((-1)/(-4))/((-10)/(-80)) - 22. Let w = h - v. What is the units digit of w?
7
What is the tens digit of (0 - (-10 - 21/(-3))) + 7182?
8
Let v = 92967 - 50974. What is the hundreds digit of v?
9
Let b be (7/(-35))/((-2)/10). Let k(v) = -69*v - 1 + 2 - 4 - b. What is the hundreds digit of k(-2)?
1
Suppose -2*l - 3 = -3*a + 15, 2*a = -3*l - 1. Suppose 0 = -2*p + 2*v + 360, -a*p - v = 217 - 937. What is the units digit of p?
0
Let p be (-2 + 2*(-9)/(-6))*4. Suppose -3*b = 6*m - 5*m - 17, -3*m - 14 = -p*b. Suppose -230 = -t + m*z, -3*z + 70 = -t + 305. What is the units digit of t?
0
Let i(t) be the second derivative of -t**3/3 + 8*t**2 + 12*t - 1. Let h = 6 - 3. What is the tens digit of i(h)?
1
Suppose 0 = -3*h + 1 - 10, -5*z = 2*h - 374. Let d = -23 - 38. Let n = d + z. What is the tens digit of n?
1
Suppose 52*x = 198681 - 13301. What is the hundreds digit of x?
5
Let s = 11777 - 6049. What is the hundreds digit of s?
7
Suppose 2*i + 252 = 4*i + 3*q, 5*i - 3*q - 609 = 0. Let a = 108 + i. What is the units digit of a?
1
Let o = 188 + 24. Let m = o - -62. What is the hundreds digit of m?
2
Suppose -5*j + 5*d = -106910, -5*j + d = -109352 + 2462. What is the units digit of j?
7
Let m(n) = n**2 + 7*n - 1. Let r(b) = -7*b**2 - 28*b - 106. Let k(l) = -3*m(l) - r(l). What is the units digit of k(-6)?
1
Let k = 191 - -17851. What is the ten thousands digit of k?
1
Let b(d) = -10*d. Let u(i) = -6*i + 7. Let n be u(-3). Suppose 9*v = -38 - n. What is the units digit of b(v)?
0
Suppose 0 = -q - 5*d + 4093, -39*q - 20350 = -44*q - 2*d. What is the thousands digit of q?
4
Let b(q) = 15*q**2 + 4*q + 7. Let z be b(-2). Let w = 57 - z. Let f(u) = -16*u - 18. What is the units digit of f(w)?
4
Let q(m) = -2*m**2 + 7*m - 1. Let b(i) = 2*i**2 - 11*i - 3. Suppose -7 = -5*n - y + 28, 3*n + y - 23 = 0. Let c be b(n). What is the units digit of q(c)?
2
Suppose -178*p + 162*p = 48384. What is the tens digit of ((-27)/(-2))/((-56)/p)?
2
Let s(b) = -133*b - 1146. What is the units digit of s(-38)?
8
Let d(v) = v**2 - 14*v + 33. Let r be d(11). Suppose c - 5*l - 281 = r, 4*c = -2*l - 2*l + 1076. Let o = c - 155. What is the tens digit of o?
1
Suppose 95*n + 61122 = 196*n - 95*n. What is the thousands digit of n?
0
What is the units digit of (-33462)/(-7) - (8 + ((-549)/63 - -1))?
0
Let c(p) = p**2 - 33*p + 106. Suppose 3*r - 4*l = -8*l + 82, 180 = 5*r - 2*l. What is the tens digit of c(r)?
4
Suppose -13*z + 108813 + 148821 = 14*z. What is the tens digit of z?
4
Suppose 0 = -s - 14 + 54. Let z be ((-288)/s)/(-9) - (-68)/(-10). What is the tens digit of (285/z)/((-1)/2)?
9
Suppose 30*s - 185 = -7*s. Suppose s*b = -r + 3420, 2*b - 836 = -5*r + 532. What is the tens digit of b?
8
What is the units digit of (-3 + -9 + -97)/(-2*(-3)/(-174))?
1
Let k be (-6)/(-4)*24/9. Suppose -b + 2*d = d - 260, d + 525 = 2*b. Suppose k*u - f - 4*f - b = 0, 4*u - 274 = 2*f. What is the units digit of u?
0
Let s be 5*6/20 + (-1)/(-2). Suppose -3*w = -3, 14 = -0*a + 4*a - s*w. Suppose a*q - 446 = 538. What is the tens digit of q?
4
Suppose -6962800 = 110*f - 435*f. What is the thousands digit of f?
1
What is the ten thousands digit of 23776 - (-26)/((-156)/(-102))?
2
Let c(t) = -12*t + 4328. What is the tens digit of c(64)?
6
Let t = 14219 + -4292. Suppose t = 10*s - s. What is the units digit of s?
3
Suppose 0 = -0*v - 3*v - 6. Let i(q) = -41*q**3 + 3*q**2 - 3*q - 2. What is the units digit of i(v)?
4
Let q(b) = -9*b**3 - 9 + 0 + 8*b**3 - 3*b + 9*b**2 - 9*b. Let d be q(7). Suppose -d*r = x - 122, 0 = -2*x - 0*r - r + 253. What is the hundreds digit of x?
1
Let l = 34581 - 21280. What is the units digit of l?
1
Let w(s) = 5*s**2 + 40*s - 7. Let v be w(5). Suppose d + 3*l - 93 = 0, -4*d + 3*l + v + 99 = 0. What is the tens digit of d?
0
Let n = 229 + -419. Let a = n + 432. What is the tens digit of a?
4
Suppose -4*a = -6*a + 4. Suppose -a*s + 6*s - 2*v = -2, -2*s - v + 1 = 0. Suppose 0 = -s*w + 3*w - 384. What is the tens digit of w?
2
Let m = -21476 - -49533. What is the thousands digit of m?
8
Suppose 1111176 = 80*n + 48*n - 368504. What is the thousands digit of n?
1
Let g(k) = k**2 + 63. Suppose 2*v = -2, 0 = -2*r + 3*r - 5*v - 5. Let o be g(r). Let y = -53 + o. What is the tens digit of y?
1
Let q(r) = 101*r - 4. Let x be q(-1). What is the units digit of (-4 + x/14)/(2/(-72))?
4
Let z(a) = 9*a**2 + 57*a - 7. Let g be z(-9). Suppose -586 = -15*r + g. What is the tens digit of r?
5
Let u = -7553 - -11134. What is the hundreds digit of u?
5
Suppose -2*w - 2*s - 88 = 0, 0 = -4*w + 2*s - 5*s - 177. Let i = 46 + w. What is the units digit of 2/15 - 6086/(-30)*i?
3
Suppose -2*k + 5 - 13 = 0. What is the units digit of k/(-3)*9*7/42?
2
Suppose 8*b - 3*m = 3*b + 417, 0 = 2*b + 2*m - 154. Let w = b - 68. Suppose -879 = -w*c - 138. What is the tens digit of c?
5
Suppose 24 = 8*b - 0. Suppose b*u + 12 = 6*u, -2*k + 16 = 3*u. What is the units digit of (-5)/(((-16)/152)/(k - 0))?
5
Suppose -1241562 = -3252*u + 3203*u. What is the hundreds digit of u?
3
Let u(s) = 2*s**3 + 14*s**2 - 48*s - 41. Let d(n) = 3*n**3 + 21*n**2 - 72*n - 61. Let t(l) = 5*d(l) - 7*u(l). What is the units digit of t(8)?
0
Suppose -5*c = -5*r - 75, 13*r + 3*c + 83 = 8*r. What is the units digit of (-978)/21*(r - -9)?
6
Let g(o) = 12237*o**2 - 42*o - 41. What is the ten thousands digit of g(-1)?
1
Suppose 21 + 42 = 9*b. Let m be (1 - (4 - 7) - 6) + b. Suppose m*q + q - 1152 = 0. What is the tens digit of q?
9
Suppose 0 = 215*m - 206*m - 32852 - 13192. What is the hundreds digit of m?
1
Let z = 177 - 173. Let q(i) = -i**3 + 6*i**2 - i - 8. What is the tens digit of q(z)?
2
Let c(w) = -336*w**2 - 10 + 9*w**3 - 6*w - 10*w**3 + 347*w**2. What is the tens digit of c(8)?
3
Let g = -7329 - -14046. Suppose 10*s - g = -1017. What is the units digit of s?
0
Let a = 19685 - 13774. What is the hundreds digit of a?
9
What is the ten thousands digit of 4/(-5) - 12093042/(-390)?
3
Let g = -6648 + 9891. What is the units digit of g?
3
Let u = 1263 - -1. Suppose 5*s = u - 409. What is the units digit of s?
1
Suppose -339 - 165 = 7*m. What is the units digit of ((-171)/(-27))/(-1 - 74/m)?
8
Suppose -3*t - 44330 = -2*k, 14 - 6 = 4*t. What is the thousands digit of k?
2
Let f(b) be the second derivative of 7*b**4/6 - 17*b**3/3 - 66*b**2 - 120*b + 2. What is the hundreds digit of f(-5)?
3
Let j(a) = -a**2 - 186*a - 266. What is the thousands digit of j(-87)?
8
Suppose 5*s + 232591 - 37916 = 5*p, -3*p - s + 116801 = 0. What is the hundreds digit of p?
9
Suppose 9*d = 6*d + 240. Let t be 2 + d/(-36) - 1451/(-9). Let f = -55 + t. What is the hundreds digit of f?
1
Suppose -4*k - 12*w = -11*w - 276738, 0 = -w + 2. What is the tens digit of k?
8
Let f(p) = 6*p + 21. Let x be f(0). Let i(b) = 7 + 5*b + 21*b**2 + x*b**2 - 41*b**2. What is the units digit of i(5)?
7
Suppose 0 = -23*b + 33*b. Suppose b = 13*a - a - 6312. What is the units digit of a?
6
Let x = -28918 + 36618. What is the thousands digit of x?
7
Suppose -50*x + 46*x + 88 = 0. Suppose -343 - 75 = -x*b. What is the tens digit of b?
1
Suppose -5*h = -3*z - 10, -z + 5*z - 5*h = -5. Suppose -4*i = w - 324, -3*w + 8 = -z*w. Suppose -i = -b + 173. What is the hundreds digit of b?
2
Let m = -25 - -13. Let z be (0 - (-9)/(-2))*176/m. Let h = z + -55. What is the units digit of h?
1
Let l(d) = -d**3 - 4*d**2 + 3*d - 3. Let h be l(-5). Let q = -5 + h. Suppose -477 = -2*m - 3*f, -q*m + f = -75 - 406. What is the tens digit of m?
4
Let l = -1458 - -2266. What is the hundreds digit of l?
8
Let c = 28563 + -3503. What is the tens digit of c?
6
Suppose 0 = y - 4, 5*n - y - 14602 = 18904. What is the units digit of n?
2
Suppose 5 + 4 = 3*h. Suppose 3*w - 1191 = -3*c, -1122 - 68 = -h*w - 4*c. What is the tens digit of w?
9
Let u = 22744 - 1894. What is the thousands digit of u?
0
Let i(r) = 17*r**3 - 10*r + 11. Let z be i(1). Suppose z*g + 19*g - 22496 = 0. What is the tens digit of g?
0
Let r be 3*8/12*2. Let u be ((-2)/(-5))/((12/3345)/r). Suppose u = 7*x - 247. What is the tens digit of x?
9
Let b(t) = -169*t - 124. What is the tens digit of b(-43)?
4
Let p = -339 - -321. What is the units digit of p/108 